What is y(q)?
-4
Suppose 0 = -22*c + 26*c - 24. Suppose 4*z + 2 = c. Let o(x) = x**3 - 1 + 7*x**2 - x**2 + 3 + z. Give o(-6).
3
Let t(l) = -l**3 + 29*l**2 - 27*l - 24. Suppose -4*a = 0, -3*a - 3 = g - 31. Let z be t(g). Let m(s) = -2*s + 6. Give m(z).
-2
Let p(a) = -2*a**2 - a. Let r = 34 - 14. Suppose 29*w - r = 24*w. Suppose -2*o + o - w = m, -3*o - 15 = 0. Give p(m).
-3
Let n(p) be the third derivative of -p**4/3 + 2*p**3/3 - 21*p**2. Let a(k) = 7*k - 4. Let r(m) = -6*a(m) - 5*n(m). Calculate r(-4).
12
Let y(l) = -12*l**2 + 6*l**2 - 382 + 194 + 189. Determine y(-1).
-5
Let y = 2 + -9. Let c(x) be the third derivative of 7*x**2 + 0*x + 3/2*x**3 + 1/8*x**4 + 0. Determine c(y).
-12
Let f be ((-4)/2 + 2)/(-1). Let u(y) = 81*y + 76*y - y**2 + 81*y + 91*y + 4 - 328*y + 2. Give u(f).
6
Let u(h) = -3*h**3 + 2*h**2 + 1. Let o(a) = 5*a**3 - 6*a**2 - 5. Let x(j) = o(j) + 2*u(j). Let i = -74 + 70. Calculate x(i).
29
Let b(t) = -2*t**3 + 11*t**2 + 15*t - 26. Let l(d) = 8*d**3 - 43*d**2 - 60*d + 101. Let x(k) = -23*b(k) - 6*l(k). Determine x(4).
4
Let w(b) = 36*b**3 + 13*b**2 - 8*b - 30. Let c(l) = -43*l**3 - 15*l**2 + 7*l + 29. Let v(u) = -5*c(u) - 6*w(u). Calculate v(-5).
20
Let r be 2/6 - (-112)/42. Let m(i) = -4*i**2. Let h(t) = -7*t**2 + t + 1. Let b(z) = r*h(z) - 5*m(z). What is b(-2)?
-7
Let c be -4 - (-1 - (1 - -2)). Let v(h) be the third derivative of h**6/120 + h**5/60 - 2*h**3 + 22*h**2 - 3*h. Determine v(c).
-12
Let j be (48/(-32))/((-642)/(-156) - 4). Let f(v) = 3*v + 51. Determine f(j).
12
Let a(t) = -t**2 - 18*t - 6. Let j(f) = -11*f**2 + 22*f + 147. Let v be j(5). Give a(v).
-6
Let w be 24 - (-3)/1 - 1. Let g(d) = 2 - w*d + 18*d + 2*d**3 + 15*d - 3*d**3 + 3*d**2. Give g(5).
-13
Suppose -18*x + 14*x + 392 = 0. Let h(c) = -c - x + 109 + 0*c. What is h(5)?
6
Let x(i) = -i**2 - 2*i + 1. Let u be x(1). Let w(b) = -4 + b**2 + 5 - b - 2. Let q(o) = -o**2 - 2*o - 4. Let y(k) = q(k) - 3*w(k). Determine y(u).
-19
Let n(c) = -c**2 + 7*c + 13. Let t be n(7). Let m(b) = 1 - 2 - 4*b - 2 + t*b**2 - 14*b**2. Suppose -2 - 14 = 4*u. What is m(u)?
-3
Let p(m) = 2*m**2 + 27*m - 42. Let c = 14277 - 14292. Give p(c).
3
Let x(u) = u**2 - 2*u - 2. Let t(w) = 143*w**2 - 2*w - 2. Let f be t(-1). Let j = f - 144. Calculate x(j).
1
Let l(z) = -72*z - 144. Let f be l(-2). Suppose 52*i - 9*i = f. Let c(d) = -d - 26. Give c(i).
-26
Let a = -130 + 30. Let u be (-5120)/(-48) - 5/3. Let q = a + u. Let s(i) = -i + 6. Determine s(q).
1
Let v be 16/6*(-11 + 8). Let y be (-66)/(-14) + v/(-28). Let t(s) = -131*s + 94*s**3 + 72*s + 63*s - 95*s**3 + 6 + 4*s**2. Calculate t(y).
1
Let n(y) = -y**2 - 26*y - 124. Let d be 3/5 + -2*(-11 - 2130/(-100)). Determine n(d).
-4
Let t(d) be the first derivative of 23/2*d**2 - 9 - 26*d + d**3. Let w(m) = -2*m**2 - 15*m + 17. Let a(z) = 5*t(z) + 8*w(z). Determine a(-6).
0
Let g(u) = u**3 - 3*u**2 - u - 1. Let s(i) = -i + 10. Let b be s(-26). Let o be (b/(-27))/(12/(-27)). Give g(o).
-4
Let n(v) be the first derivative of v**7/840 - v**6/90 - v**5/20 + v**4/6 - 20*v**3 - 4. Let b(r) be the third derivative of n(r). Give b(5).
-1
Let z(x) = -x**2 + 8*x - 2. Let n = -223 - -355. Suppose -n = -4*h - 108. Give z(h).
10
Let c(i) = -i**2 - 10*i + 2. Let t be ((-15)/(-6))/((-3)/222). Let l = t + 175. Calculate c(l).
2
Let u be 4/6*5/(40/24). Suppose 3 = -3*n, -u*b - 4*n + 2*n - 16 = 0. Let c(d) = -2*d - 9. Determine c(b).
5
Let a(x) be the first derivative of 16*x**3/3 - 144*x**2 + 2*x - 7214. Give a(18).
2
Let x(u) = 6*u**3 + 43*u**2 + 75*u - 101. Let t(z) = 5*z**3 + 44*z**2 + 78*z - 100. Let l(s) = -5*t(s) + 4*x(s). Calculate l(-46).
4
Let o(a) = -15*a + 80. Suppose 117*n + 1161 = 1863. What is o(n)?
-10
Let u(o) be the first derivative of o**3/3 + o**2/2 + 6*o - 1. Suppose 8*z - 114 = -386. Let x be 39 + z - (-1)/(2/(-10)). What is u(x)?
6
Suppose 4*f - f = -5*q - 80, 0 = 2*f - q + 75. Let x = 37 + f. Let r be (-14)/21 + x/(-6) + -1. Let v(o) = o**3 + 3*o**2 - 2. Give v(r).
2
Let w be (-4)/14 + (-178)/14. Suppose -63 = -2*k + 5*k. Let a = k - w. Let f(d) = d**3 + 8*d**2 + d + 11. What is f(a)?
3
Suppose -5*v + 30 - 96 = -4*j, 4*v + 24 = -4*j. Let x be v/(-3)*-6 + -2. Let t be (-114)/x + 4/(-22). Let b(l) = l - 6. What is b(t)?
-1
Let p(u) be the third derivative of u**4/24 - 25*u**3/6 - 1503*u**2. Determine p(8).
-17
Suppose 40 = 4*g + z, 3*g + 4 = 3*z + 34. Suppose -g*p = -22*p + 72. Let j(q) = 2*q - 4. Let t(o) = o - 1. Let n(l) = -j(l) + 3*t(l). Give n(p).
7
Suppose -95*c + 112*c = -69 - 203. Let j(d) = -d**3 - 14*d**2 + 32*d + 4. Give j(c).
4
Let m(g) = 2*g**3 - 21*g**2 + 42*g - 16. Let c be m(8). Let t(j) = c*j - 52374 - 2*j - j + 52371. Give t(0).
-3
Let n(m) = 2*m + 1. Let p(d) be the third derivative of d**6/120 + d**5/6 + d**4/3 - 4*d**3/3 + 3*d**2. Let k = -914 + 905. Let w be p(k). What is n(w)?
3
Let q(l) = l**2 + 93*l - 5497. Let m be q(-134). Let p(a) = -5*a**2 - 8*a - 2. Determine p(m).
-23
Let p(k) = -64*k**2 + 15*k - 20. Let r(q) = 13*q**2 - 4*q + 5. Let x(o) = 2*p(o) + 9*r(o). Give x(1).
-12
Suppose 0*l - 6*l = 342. Let o = l - -61. Let r(a) = 5*a - 3. Calculate r(o).
17
Let s(n) = n + 10. Let m be (5/(-5) - 0)/(3/(-15)). Suppose 0*h - 5*h + i - 23 = 0, m*h + 5*i = -35. Determine s(h).
5
Let o = -20 - -25. Suppose -4*n + 33 = -o*m, -5*n + 25 = -0*n - 3*m. Let g(f) = -5*f**n - f**2 + 9*f**2. What is g(1)?
3
Let x(d) be the first derivative of d**3/3 + 7*d**2 + 17*d + 884. Calculate x(-10).
-23
Let w(c) = c**3 + 2*c**2 - 9*c + 8. Let p = 3295 + -3301. Calculate w(p).
-82
Let d(t) = -t**3 + 8*t**2 - t. Let v = -70 - -179. Let a be (21 + -60)/((-2)/(-6)*-1). Let i = a - v. Determine d(i).
-8
Let j(a) = -6*a**3 - 6*a**2 - 5*a + 4. Let n = 360 + -365. Let f(u) = -5*u**3 - 7*u**2 - 6*u + 5. Let k(i) = n*j(i) + 4*f(i). Determine k(-1).
-9
Let z(x) = 3*x - 6*x - 181 + 113 - 2*x. Give z(-15).
7
Let y(p) = 7*p**3 + 2*p**2 + 2*p - 2. Let u(r) = -31*r**3 - r**2 + 0 + 23*r**3 - r + 1. Let j(t) = -6*u(t) - 7*y(t). Calculate j(-7).
15
Suppose 0 = 44*t - 31*t - 26. Suppose t*j = -4*j + 42. Let x(u) = -u**2 + 7*u. Calculate x(j).
0
Suppose 0 = -7*c + 10*c - 12. Let x(y) = y - c*y - 2 + 15*y + 3. Determine x(-1).
-11
Let n be (-82)/(-10) + (-16)/(-20). Let h(g) = 1470079 - 1470072 - 2*g - 2*g. Give h(n).
-29
Let m(v) = -8*v + 1. Let h(u) = u - 2 + 3 - 9*u. Suppose 15*q - 126 = 33*q. Let g(a) = q*h(a) + 6*m(a). Calculate g(-3).
-25
Let q(z) = -16*z - 59. Let n(d) = 11*d + 36. Let t(a) = -7*n(a) - 5*q(a). Calculate t(-12).
7
Let l = 2535 + -2531. Let d(u) = 2*u**2 - 6*u - 16. Calculate d(l).
-8
Let w(p) be the third derivative of -p**6/120 - 3*p**5/20 - p**4/3 + 2*p**3/3 - 8*p**2. Suppose 14*q + 5*z + 52 = 10*q, -5*z = -3*q - 4. Calculate w(q).
4
Let w(o) = o**2 + 2*o - 3. Suppose -n + 2357 = 3*h + 2*h, 4*h + 2*n - 1882 = 0. Let g = h + -475. What is w(g)?
0
Suppose 310*i - 143 = 453*i. Let d(o) = 13*o + 1. Calculate d(i).
-12
Let o(h) = -h**2 + 2*h + 2. Let k(x) = -x**2 + x + 2. Let j(p) = -4*k(p) + 5*o(p). Let s(f) = -42*f - 162. Let v be s(-4). Determine j(v).
2
Let z be (-10 - -10) + (135/10)/9. Let v(m) be the second derivative of -8*m + 1/2*m**3 + 0 - z*m**2 + 1/12*m**4. Determine v(-5).
7
Let x(h) = 19*h**2 - 1. Let a(i) = -37*i - 186. Let n = 161 - 166. Let w be a(n). Determine x(w).
18
Suppose 5*h = -2*p + 16, 15 = -3*p - 14*h + 13*h. Let g(m) = -m**3 - 5*m**2 + 9*m - 19. What is g(p)?
16
Let c(x) be the first derivative of 3*x + 88. Let g = -1 + 4. Let m(y) = y - 7. Let z(l) = g*m(l) + 5*c(l). Determine z(4).
6
Let m = -64 - -66. Suppose m*c = -0*c + n - 14, -c + 7 = 3*n. Let h(k) = k + 8. Determine h(c).
3
Let m(x) = 20*x - 18. Let p(o) = 7*o - 6. Suppose -42*d = -48*d - 36. Let f(l) = d*m(l) + 17*p(l). Give f(7).
-1
Suppose 4*u = 3*a - 9, u = a - 2 - 1. Let t(p) = -4*p + 0*p + 3*p - p**a - 3*p**2. Let b be t(-2). Let l(r) = 7*r + 3. What is l(b)?
-11
Let f(h) = h**2 + h + 4. Let g(o) = -2*o**2 - 29*o - 80. Suppose 2*d - 5 = u + 14, -3*u - 29 = d. Let m be g(u). What is f(m)?
10
Let z be (5 - 45/6) + 29/2. Let i(w) = w**3 - 11*w**2 - 14*w + 19. Determine i(z).
-5
Let b(c) = -c**3 + 52*c**2 - 98*c - 90. Let l be b(50). Let s(v) = -10*v - 5*v**2 + 17*v**2 + 14 - 11*v**2. Give s(l).
14
Let r(w) = w**3 - 8*w**2 + 3*w - 2. Let h(f) = f**3 -